{"id":8203,"date":"2024-06-06T07:25:59","date_gmt":"2024-06-06T05:25:59","guid":{"rendered":"https:\/\/fortalezadeocastro.vigo.org\/?post_type=collection&#038;p=8203"},"modified":"2024-06-06T12:44:06","modified_gmt":"2024-06-06T10:44:06","slug":"planta-e-perspectiva-da-villa-e-fortificacion-de-vigo","status":"publish","type":"collection","link":"https:\/\/fortalezadeocastro.vigo.org\/es\/collection\/planta-e-perspectiva-da-villa-e-fortificacion-de-vigo\/","title":{"rendered":"Planta e perspectiva da \u201cVilla e fortificaci\u00f3n de Vigo\u201d"},"content":{"rendered":"\n<p><em>Planta e perspectiva da \u201cVilla e fortificaci\u00f3n de Vigo\u201d do enxe\u00f1eiro Jos\u00e9 Aparici. <\/em><br><em>11 de agosto de 1842. <\/em><br><em>\u00c9\u00a0copia do orixinal de 1667. <\/em><br><em>Archivo General de Simancas<\/em><\/p>\n\n\n\n<div class=\"real3dflipbook\" id=\"28_69f26154d9c8f\" style=\"position:absolute;\"><\/div>\n","protected":false},"excerpt":{"rendered":"<p>Planta e perspectiva da \u201cVilla e fortificaci\u00f3n de Vigo\u201d do enxe\u00f1eiro Jos\u00e9 Aparici. 11 de agosto de 1842. \u00c9\u00a0copia do orixinal de 1667. Archivo General&#8230;<\/p>\n","protected":false},"author":1,"featured_media":6582,"comment_status":"open","ping_status":"closed","template":"","meta":{"footnotes":""},"collection-category":[195],"collection-country":[],"collection-curator":[225],"collection-tag":[210],"class_list":["post-8203","collection","type-collection","status-publish","has-post-thumbnail","hentry","collection-category-planos","collection-curator-archivo-general-de-simancas","collection-tag-xvii"],"_links":{"self":[{"href":"https:\/\/fortalezadeocastro.vigo.org\/es\/wp-json\/wp\/v2\/collection\/8203","targetHints":{"allow":["GET"]}}],"collection":[{"href":"https:\/\/fortalezadeocastro.vigo.org\/es\/wp-json\/wp\/v2\/collection"}],"about":[{"href":"https:\/\/fortalezadeocastro.vigo.org\/es\/wp-json\/wp\/v2\/types\/collection"}],"author":[{"embeddable":true,"href":"https:\/\/fortalezadeocastro.vigo.org\/es\/wp-json\/wp\/v2\/users\/1"}],"replies":[{"embeddable":true,"href":"https:\/\/fortalezadeocastro.vigo.org\/es\/wp-json\/wp\/v2\/comments?post=8203"}],"version-history":[{"count":0,"href":"https:\/\/fortalezadeocastro.vigo.org\/es\/wp-json\/wp\/v2\/collection\/8203\/revisions"}],"wp:featuredmedia":[{"embeddable":true,"href":"https:\/\/fortalezadeocastro.vigo.org\/es\/wp-json\/wp\/v2\/media\/6582"}],"wp:attachment":[{"href":"https:\/\/fortalezadeocastro.vigo.org\/es\/wp-json\/wp\/v2\/media?parent=8203"}],"wp:term":[{"taxonomy":"collection-category","embeddable":true,"href":"https:\/\/fortalezadeocastro.vigo.org\/es\/wp-json\/wp\/v2\/collection-category?post=8203"},{"taxonomy":"collection-country","embeddable":true,"href":"https:\/\/fortalezadeocastro.vigo.org\/es\/wp-json\/wp\/v2\/collection-country?post=8203"},{"taxonomy":"collection-curator","embeddable":true,"href":"https:\/\/fortalezadeocastro.vigo.org\/es\/wp-json\/wp\/v2\/collection-curator?post=8203"},{"taxonomy":"collection-tag","embeddable":true,"href":"https:\/\/fortalezadeocastro.vigo.org\/es\/wp-json\/wp\/v2\/collection-tag?post=8203"}],"curies":[{"name":"wp","href":"https:\/\/api.w.org\/{rel}","templated":true}]}}

Planta e perspectiva da “Villa e fortificación de Vigo”

<p><em>Planta e perspectiva da “Villa e fortificación de Vigo” do enxeñeiro José Aparici. </em><br><em>11 de agosto de 1842. </em><br><em>É copia do orixinal de 1667. </em><br><em>Archivo General de Simancas</em></p>



<div class="real3dflipbook" id="28_69f26154d9c8f" style="position:absolute;"></div>

<p>Planta e perspectiva da “Villa e fortificación de Vigo” do enxeñeiro José Aparici. 11 de agosto de 1842. É copia do orixinal de 1667. Archivo General&#8230;</p>
