{"id":8196,"date":"2024-06-06T07:19:13","date_gmt":"2024-06-06T05:19:13","guid":{"rendered":"https:\/\/fortalezadeocastro.vigo.org\/?post_type=collection&#038;p=8196"},"modified":"2024-06-06T07:19:26","modified_gmt":"2024-06-06T05:19:26","slug":"plano-da-praza-de-vigo-e-inmediacions-1965","status":"publish","type":"collection","link":"https:\/\/fortalezadeocastro.vigo.org\/es\/collection\/plano-da-praza-de-vigo-e-inmediacions-1965\/","title":{"rendered":"Plano da Praza de Vigo e inmediaci\u00f3ns 1965"},"content":{"rendered":"\n<p>Puidera ser copia dun mapa do Concello mellorado polo Capit\u00e1n de Enxe\u00f1eiros D. Ram\u00f3n Medina, pois \u00e9 igual ao que figura no mapa de Coello de 1856, segundo consta no cat\u00e1logo do SGE: \u00abMapas de Galicia. Siglos XVII a XIX\u00bb. 1965, p. 245.\u00a0Archivo General Militar de Madrid<\/p>\n\n\n\n<div class=\"real3dflipbook\" id=\"27_69f2608c7c0c0\" style=\"position:absolute;\"><\/div>\n","protected":false},"excerpt":{"rendered":"<p>Puidera ser copia dun mapa do Concello mellorado polo Capit\u00e1n de Enxe\u00f1eiros D. Ram\u00f3n Medina, pois \u00e9 igual ao que figura no mapa de Coello&#8230;<\/p>\n","protected":false},"author":1,"featured_media":8197,"comment_status":"open","ping_status":"closed","template":"","meta":{"footnotes":""},"collection-category":[],"collection-country":[],"collection-curator":[231],"collection-tag":[206],"class_list":["post-8196","collection","type-collection","status-publish","has-post-thumbnail","hentry","collection-curator-archivo-general-militar-de-madrid","collection-tag-xx"],"_links":{"self":[{"href":"https:\/\/fortalezadeocastro.vigo.org\/es\/wp-json\/wp\/v2\/collection\/8196","targetHints":{"allow":["GET"]}}],"collection":[{"href":"https:\/\/fortalezadeocastro.vigo.org\/es\/wp-json\/wp\/v2\/collection"}],"about":[{"href":"https:\/\/fortalezadeocastro.vigo.org\/es\/wp-json\/wp\/v2\/types\/collection"}],"author":[{"embeddable":true,"href":"https:\/\/fortalezadeocastro.vigo.org\/es\/wp-json\/wp\/v2\/users\/1"}],"replies":[{"embeddable":true,"href":"https:\/\/fortalezadeocastro.vigo.org\/es\/wp-json\/wp\/v2\/comments?post=8196"}],"version-history":[{"count":0,"href":"https:\/\/fortalezadeocastro.vigo.org\/es\/wp-json\/wp\/v2\/collection\/8196\/revisions"}],"wp:featuredmedia":[{"embeddable":true,"href":"https:\/\/fortalezadeocastro.vigo.org\/es\/wp-json\/wp\/v2\/media\/8197"}],"wp:attachment":[{"href":"https:\/\/fortalezadeocastro.vigo.org\/es\/wp-json\/wp\/v2\/media?parent=8196"}],"wp:term":[{"taxonomy":"collection-category","embeddable":true,"href":"https:\/\/fortalezadeocastro.vigo.org\/es\/wp-json\/wp\/v2\/collection-category?post=8196"},{"taxonomy":"collection-country","embeddable":true,"href":"https:\/\/fortalezadeocastro.vigo.org\/es\/wp-json\/wp\/v2\/collection-country?post=8196"},{"taxonomy":"collection-curator","embeddable":true,"href":"https:\/\/fortalezadeocastro.vigo.org\/es\/wp-json\/wp\/v2\/collection-curator?post=8196"},{"taxonomy":"collection-tag","embeddable":true,"href":"https:\/\/fortalezadeocastro.vigo.org\/es\/wp-json\/wp\/v2\/collection-tag?post=8196"}],"curies":[{"name":"wp","href":"https:\/\/api.w.org\/{rel}","templated":true}]}}

Plano da Praza de Vigo e inmediacións 1965

<p>Puidera ser copia dun mapa do Concello mellorado polo Capitán de Enxeñeiros D. Ramón Medina, pois é igual ao que figura no mapa de Coello de 1856, segundo consta no catálogo do SGE: «Mapas de Galicia. Siglos XVII a XIX». 1965, p. 245. Archivo General Militar de Madrid</p>



<div class="real3dflipbook" id="27_69f2608c7c0c0" style="position:absolute;"></div>

<p>Puidera ser copia dun mapa do Concello mellorado polo Capitán de Enxeñeiros D. Ramón Medina, pois é igual ao que figura no mapa de Coello&#8230;</p>
