{"id":8173,"date":"2024-06-06T07:05:21","date_gmt":"2024-06-06T05:05:21","guid":{"rendered":"https:\/\/fortalezadeocastro.vigo.org\/?post_type=collection&#038;p=8173"},"modified":"2024-06-06T07:06:54","modified_gmt":"2024-06-06T05:06:54","slug":"gravados-de-vigo-de-vicenzo-coronelli-1650-1718","status":"publish","type":"collection","link":"https:\/\/fortalezadeocastro.vigo.org\/es\/collection\/gravados-de-vigo-de-vicenzo-coronelli-1650-1718\/","title":{"rendered":"Gravados de Vigo de Vicenzo Coronelli (1650-1718)"},"content":{"rendered":"\n<p><em>Gravados de Vigo de Vicenzo Coronelli (1650-1718), destacado xe\u00f3grafo, cart\u00f3grafo e editor.<\/em><br><em> Inicios do s\u00e9culo XVIII. The National Library of Finland<\/em><\/p>\n\n\n\n<div class=\"real3dflipbook\" id=\"25_69f261570a968\" style=\"position:absolute;\"><\/div>\n","protected":false},"excerpt":{"rendered":"<p>Gravados de Vigo de Vicenzo Coronelli (1650-1718), destacado xe\u00f3grafo, cart\u00f3grafo e editor. Inicios do s\u00e9culo XVIII. The National Library of Finland<\/p>\n","protected":false},"author":1,"featured_media":6508,"comment_status":"open","ping_status":"closed","template":"","meta":{"footnotes":""},"collection-category":[195],"collection-country":[],"collection-curator":[229],"collection-tag":[209],"class_list":["post-8173","collection","type-collection","status-publish","has-post-thumbnail","hentry","collection-category-planos","collection-curator-the-national-library-of-finland","collection-tag-xviii"],"_links":{"self":[{"href":"https:\/\/fortalezadeocastro.vigo.org\/es\/wp-json\/wp\/v2\/collection\/8173","targetHints":{"allow":["GET"]}}],"collection":[{"href":"https:\/\/fortalezadeocastro.vigo.org\/es\/wp-json\/wp\/v2\/collection"}],"about":[{"href":"https:\/\/fortalezadeocastro.vigo.org\/es\/wp-json\/wp\/v2\/types\/collection"}],"author":[{"embeddable":true,"href":"https:\/\/fortalezadeocastro.vigo.org\/es\/wp-json\/wp\/v2\/users\/1"}],"replies":[{"embeddable":true,"href":"https:\/\/fortalezadeocastro.vigo.org\/es\/wp-json\/wp\/v2\/comments?post=8173"}],"version-history":[{"count":0,"href":"https:\/\/fortalezadeocastro.vigo.org\/es\/wp-json\/wp\/v2\/collection\/8173\/revisions"}],"wp:featuredmedia":[{"embeddable":true,"href":"https:\/\/fortalezadeocastro.vigo.org\/es\/wp-json\/wp\/v2\/media\/6508"}],"wp:attachment":[{"href":"https:\/\/fortalezadeocastro.vigo.org\/es\/wp-json\/wp\/v2\/media?parent=8173"}],"wp:term":[{"taxonomy":"collection-category","embeddable":true,"href":"https:\/\/fortalezadeocastro.vigo.org\/es\/wp-json\/wp\/v2\/collection-category?post=8173"},{"taxonomy":"collection-country","embeddable":true,"href":"https:\/\/fortalezadeocastro.vigo.org\/es\/wp-json\/wp\/v2\/collection-country?post=8173"},{"taxonomy":"collection-curator","embeddable":true,"href":"https:\/\/fortalezadeocastro.vigo.org\/es\/wp-json\/wp\/v2\/collection-curator?post=8173"},{"taxonomy":"collection-tag","embeddable":true,"href":"https:\/\/fortalezadeocastro.vigo.org\/es\/wp-json\/wp\/v2\/collection-tag?post=8173"}],"curies":[{"name":"wp","href":"https:\/\/api.w.org\/{rel}","templated":true}]}}

<p><em>Gravados de Vigo de Vicenzo Coronelli (1650-1718), destacado xeógrafo, cartógrafo e editor.</em><br><em> Inicios do século XVIII. The National Library of Finland</em></p>



<div class="real3dflipbook" id="25_69f261570a968" style="position:absolute;"></div>

<p>Gravados de Vigo de Vicenzo Coronelli (1650-1718), destacado xeógrafo, cartógrafo e editor. Inicios do século XVIII. The National Library of Finland</p>
