{"id":8117,"date":"2024-06-06T05:38:48","date_gmt":"2024-06-06T03:38:48","guid":{"rendered":"https:\/\/fortalezadeocastro.vigo.org\/?post_type=collection&#038;p=8117"},"modified":"2024-06-06T05:38:49","modified_gmt":"2024-06-06T03:38:49","slug":"1808-estampas-guerra-de-independencia-espanola","status":"publish","type":"collection","link":"https:\/\/fortalezadeocastro.vigo.org\/es\/collection\/1808-estampas-guerra-de-independencia-espanola\/","title":{"rendered":"1808 Estampas Guerra de Independencia Espa\u00f1ola"},"content":{"rendered":"\n<p>Autor <a href=\"https:\/\/gredos.usal.es\/browse?authority=6d51decb-8f56-4768-b45f-e07a3844a20b&amp;type=author\">Matilla, Jos\u00e9 Manuel<\/a><\/p>\n\n\n\n<p>As estampas constitu\u00edron un notable instrumento de propaganda durante a Guerra da Independencia. O labor que o Estado desenvolvera desde mediados do s\u00e9culo XVIII para o fomento do gravado favoreceu a existencia de gravadores que satisfixeron a demanda do mercado nestes anos. Un mercado que \u00e9 posible seguir grazas aos anuncios inseridos na prensa peri\u00f3dica. S\u00e1tiras, retratos e representaci\u00f3ns narrativas constit\u00faen os tres eixos ao redor dos que vira esta produci\u00f3n. Fronte a estas estampas de funci\u00f3n eminentemente propagand\u00edstica, os Desastres da guerra de Francisco de Goya constit\u00faen un contrapunto no que o autor ofrece unha visi\u00f3n cr\u00edtica e persoal.<\/p>\n\n\n\n<p>Bibloteca Nacional de Espa\u00f1a<\/p>\n","protected":false},"excerpt":{"rendered":"<p>Autor Matilla, Jos\u00e9 Manuel As estampas constitu\u00edron un notable instrumento de propaganda durante a Guerra da Independencia. O labor que o Estado desenvolvera desde mediados&#8230;<\/p>\n","protected":false},"author":1,"featured_media":8118,"comment_status":"open","ping_status":"closed","template":"","meta":{"footnotes":""},"collection-category":[179],"collection-country":[],"collection-curator":[218],"collection-tag":[208],"class_list":["post-8117","collection","type-collection","status-publish","has-post-thumbnail","hentry","collection-category-debuxos","collection-curator-bilblioteca-nacional-de-espana","collection-tag-xix"],"_links":{"self":[{"href":"https:\/\/fortalezadeocastro.vigo.org\/es\/wp-json\/wp\/v2\/collection\/8117","targetHints":{"allow":["GET"]}}],"collection":[{"href":"https:\/\/fortalezadeocastro.vigo.org\/es\/wp-json\/wp\/v2\/collection"}],"about":[{"href":"https:\/\/fortalezadeocastro.vigo.org\/es\/wp-json\/wp\/v2\/types\/collection"}],"author":[{"embeddable":true,"href":"https:\/\/fortalezadeocastro.vigo.org\/es\/wp-json\/wp\/v2\/users\/1"}],"replies":[{"embeddable":true,"href":"https:\/\/fortalezadeocastro.vigo.org\/es\/wp-json\/wp\/v2\/comments?post=8117"}],"version-history":[{"count":0,"href":"https:\/\/fortalezadeocastro.vigo.org\/es\/wp-json\/wp\/v2\/collection\/8117\/revisions"}],"wp:featuredmedia":[{"embeddable":true,"href":"https:\/\/fortalezadeocastro.vigo.org\/es\/wp-json\/wp\/v2\/media\/8118"}],"wp:attachment":[{"href":"https:\/\/fortalezadeocastro.vigo.org\/es\/wp-json\/wp\/v2\/media?parent=8117"}],"wp:term":[{"taxonomy":"collection-category","embeddable":true,"href":"https:\/\/fortalezadeocastro.vigo.org\/es\/wp-json\/wp\/v2\/collection-category?post=8117"},{"taxonomy":"collection-country","embeddable":true,"href":"https:\/\/fortalezadeocastro.vigo.org\/es\/wp-json\/wp\/v2\/collection-country?post=8117"},{"taxonomy":"collection-curator","embeddable":true,"href":"https:\/\/fortalezadeocastro.vigo.org\/es\/wp-json\/wp\/v2\/collection-curator?post=8117"},{"taxonomy":"collection-tag","embeddable":true,"href":"https:\/\/fortalezadeocastro.vigo.org\/es\/wp-json\/wp\/v2\/collection-tag?post=8117"}],"curies":[{"name":"wp","href":"https:\/\/api.w.org\/{rel}","templated":true}]}}

1808 Estampas Guerra de Independencia Española

<p>Autor <a href="https://gredos.usal.es/browse?authority=6d51decb-8f56-4768-b45f-e07a3844a20b&amp;type=author">Matilla, José Manuel</a></p>



<p>As estampas constituíron un notable instrumento de propaganda durante a Guerra da Independencia. O labor que o Estado desenvolvera desde mediados do século XVIII para o fomento do gravado favoreceu a existencia de gravadores que satisfixeron a demanda do mercado nestes anos. Un mercado que é posible seguir grazas aos anuncios inseridos na prensa periódica. Sátiras, retratos e representacións narrativas constitúen os tres eixos ao redor dos que vira esta produción. Fronte a estas estampas de función eminentemente propagandística, os Desastres da guerra de Francisco de Goya constitúen un contrapunto no que o autor ofrece unha visión crítica e persoal.</p>



<p>Bibloteca Nacional de España</p>

<p>Autor Matilla, José Manuel As estampas constituíron un notable instrumento de propaganda durante a Guerra da Independencia. O labor que o Estado desenvolvera desde mediados&#8230;</p>
