{"id":8106,"date":"2024-06-06T05:33:05","date_gmt":"2024-06-06T03:33:05","guid":{"rendered":"https:\/\/fortalezadeocastro.vigo.org\/?post_type=collection&#038;p=8106"},"modified":"2024-06-06T05:33:58","modified_gmt":"2024-06-06T03:33:58","slug":"historia-de-vigo-y-su-comarca-por-jose-de-santiago-y-gomez-1896","status":"publish","type":"collection","link":"https:\/\/fortalezadeocastro.vigo.org\/es\/collection\/historia-de-vigo-y-su-comarca-por-jose-de-santiago-y-gomez-1896\/","title":{"rendered":"Historia\u00a0de\u00a0Vigo\u00a0y\u00a0su\u00a0comarca\u00a0 por Jos\u00e9 de Santiago y G\u00f3mez 1896"},"content":{"rendered":"\n<p>Datos de edici\u00f3n<\/p>\n\n\n\n<p>[S.l.] : [s.n.] (Madrid : Imp. y Litogr. del Asilo de Hu\u00e9rfanos del Sagrado Coraz\u00f3n de Jes\u00fas)<\/p>\n\n\n\n<p>Biblioteca Nacional de Espa\u00f1a<\/p>\n\n\n\n<div class=\"real3dflipbook\" id=\"17_69f2794378773\" style=\"position:absolute;\"><\/div>\n","protected":false},"excerpt":{"rendered":"<p>Datos de edici\u00f3n [S.l.] : [s.n.] (Madrid : Imp. y Litogr. del Asilo de Hu\u00e9rfanos del Sagrado Coraz\u00f3n de Jes\u00fas) Biblioteca Nacional de Espa\u00f1a<\/p>\n","protected":false},"author":1,"featured_media":8107,"comment_status":"open","ping_status":"closed","template":"","meta":{"footnotes":""},"collection-category":[196],"collection-country":[],"collection-curator":[218],"collection-tag":[208],"class_list":["post-8106","collection","type-collection","status-publish","has-post-thumbnail","hentry","collection-category-publicacions","collection-curator-bilblioteca-nacional-de-espana","collection-tag-xix"],"_links":{"self":[{"href":"https:\/\/fortalezadeocastro.vigo.org\/es\/wp-json\/wp\/v2\/collection\/8106","targetHints":{"allow":["GET"]}}],"collection":[{"href":"https:\/\/fortalezadeocastro.vigo.org\/es\/wp-json\/wp\/v2\/collection"}],"about":[{"href":"https:\/\/fortalezadeocastro.vigo.org\/es\/wp-json\/wp\/v2\/types\/collection"}],"author":[{"embeddable":true,"href":"https:\/\/fortalezadeocastro.vigo.org\/es\/wp-json\/wp\/v2\/users\/1"}],"replies":[{"embeddable":true,"href":"https:\/\/fortalezadeocastro.vigo.org\/es\/wp-json\/wp\/v2\/comments?post=8106"}],"version-history":[{"count":0,"href":"https:\/\/fortalezadeocastro.vigo.org\/es\/wp-json\/wp\/v2\/collection\/8106\/revisions"}],"wp:featuredmedia":[{"embeddable":true,"href":"https:\/\/fortalezadeocastro.vigo.org\/es\/wp-json\/wp\/v2\/media\/8107"}],"wp:attachment":[{"href":"https:\/\/fortalezadeocastro.vigo.org\/es\/wp-json\/wp\/v2\/media?parent=8106"}],"wp:term":[{"taxonomy":"collection-category","embeddable":true,"href":"https:\/\/fortalezadeocastro.vigo.org\/es\/wp-json\/wp\/v2\/collection-category?post=8106"},{"taxonomy":"collection-country","embeddable":true,"href":"https:\/\/fortalezadeocastro.vigo.org\/es\/wp-json\/wp\/v2\/collection-country?post=8106"},{"taxonomy":"collection-curator","embeddable":true,"href":"https:\/\/fortalezadeocastro.vigo.org\/es\/wp-json\/wp\/v2\/collection-curator?post=8106"},{"taxonomy":"collection-tag","embeddable":true,"href":"https:\/\/fortalezadeocastro.vigo.org\/es\/wp-json\/wp\/v2\/collection-tag?post=8106"}],"curies":[{"name":"wp","href":"https:\/\/api.w.org\/{rel}","templated":true}]}}

Historia de Vigo y su comarca  por José de Santiago y Gómez 1896

<p>Datos de edición</p>



<p>[S.l.] : [s.n.] (Madrid : Imp. y Litogr. del Asilo de Huérfanos del Sagrado Corazón de Jesús)</p>



<p>Biblioteca Nacional de España</p>



<div class="real3dflipbook" id="17_69f2794378773" style="position:absolute;"></div>

<p>Datos de edición [S.l.] : [s.n.] (Madrid : Imp. y Litogr. del Asilo de Huérfanos del Sagrado Corazón de Jesús) Biblioteca Nacional de España</p>
