{"id":8076,"date":"2024-06-06T05:15:07","date_gmt":"2024-06-06T03:15:07","guid":{"rendered":"https:\/\/fortalezadeocastro.vigo.org\/?post_type=collection&#038;p=8076"},"modified":"2024-06-06T05:15:08","modified_gmt":"2024-06-06T03:15:08","slug":"carta-flota-de-nueva-espana-como-perecio-en-vigo-1702","status":"publish","type":"collection","link":"https:\/\/fortalezadeocastro.vigo.org\/es\/collection\/carta-flota-de-nueva-espana-como-perecio-en-vigo-1702\/","title":{"rendered":"Carta flota de Nueva Espa\u00f1a como pereci\u00f3 en Vigo 1702"},"content":{"rendered":"\n<p>Carta sobre la flota de Nueva Espa\u00f1a que pereci\u00f3 en Vigo, [1702](h. 4-9r).<\/p>\n\n\n\n<p>Fondo: Biblioteca Nacional de Espa\u00f1a<\/p>\n\n\n\n<div class=\"real3dflipbook\" id=\"14_69f26f86a09a6\" style=\"position:absolute;\"><\/div>\n","protected":false},"excerpt":{"rendered":"<p>Carta sobre la flota de Nueva Espa\u00f1a que pereci\u00f3 en Vigo, [1702](h. 4-9r). Fondo: Biblioteca Nacional de Espa\u00f1a<\/p>\n","protected":false},"author":1,"featured_media":8077,"comment_status":"open","ping_status":"closed","template":"","meta":{"footnotes":""},"collection-category":[196],"collection-country":[],"collection-curator":[218],"collection-tag":[209],"class_list":["post-8076","collection","type-collection","status-publish","has-post-thumbnail","hentry","collection-category-publicacions","collection-curator-bilblioteca-nacional-de-espana","collection-tag-xviii"],"_links":{"self":[{"href":"https:\/\/fortalezadeocastro.vigo.org\/es\/wp-json\/wp\/v2\/collection\/8076","targetHints":{"allow":["GET"]}}],"collection":[{"href":"https:\/\/fortalezadeocastro.vigo.org\/es\/wp-json\/wp\/v2\/collection"}],"about":[{"href":"https:\/\/fortalezadeocastro.vigo.org\/es\/wp-json\/wp\/v2\/types\/collection"}],"author":[{"embeddable":true,"href":"https:\/\/fortalezadeocastro.vigo.org\/es\/wp-json\/wp\/v2\/users\/1"}],"replies":[{"embeddable":true,"href":"https:\/\/fortalezadeocastro.vigo.org\/es\/wp-json\/wp\/v2\/comments?post=8076"}],"version-history":[{"count":0,"href":"https:\/\/fortalezadeocastro.vigo.org\/es\/wp-json\/wp\/v2\/collection\/8076\/revisions"}],"wp:featuredmedia":[{"embeddable":true,"href":"https:\/\/fortalezadeocastro.vigo.org\/es\/wp-json\/wp\/v2\/media\/8077"}],"wp:attachment":[{"href":"https:\/\/fortalezadeocastro.vigo.org\/es\/wp-json\/wp\/v2\/media?parent=8076"}],"wp:term":[{"taxonomy":"collection-category","embeddable":true,"href":"https:\/\/fortalezadeocastro.vigo.org\/es\/wp-json\/wp\/v2\/collection-category?post=8076"},{"taxonomy":"collection-country","embeddable":true,"href":"https:\/\/fortalezadeocastro.vigo.org\/es\/wp-json\/wp\/v2\/collection-country?post=8076"},{"taxonomy":"collection-curator","embeddable":true,"href":"https:\/\/fortalezadeocastro.vigo.org\/es\/wp-json\/wp\/v2\/collection-curator?post=8076"},{"taxonomy":"collection-tag","embeddable":true,"href":"https:\/\/fortalezadeocastro.vigo.org\/es\/wp-json\/wp\/v2\/collection-tag?post=8076"}],"curies":[{"name":"wp","href":"https:\/\/api.w.org\/{rel}","templated":true}]}}

Carta flota de Nueva España como pereció en Vigo 1702

<p>Carta sobre la flota de Nueva España que pereció en Vigo, [1702](h. 4-9r).</p>



<p>Fondo: Biblioteca Nacional de España</p>



<div class="real3dflipbook" id="14_69f26f86a09a6" style="position:absolute;"></div>

<p>Carta sobre la flota de Nueva España que pereció en Vigo, [1702](h. 4-9r). Fondo: Biblioteca Nacional de España</p>
