{"id":8033,"date":"2024-06-06T04:37:40","date_gmt":"2024-06-06T02:37:40","guid":{"rendered":"https:\/\/fortalezadeocastro.vigo.org\/?post_type=collection&#038;p=8033"},"modified":"2024-06-06T04:38:12","modified_gmt":"2024-06-06T02:38:12","slug":"vigo-seculo-xviii","status":"publish","type":"collection","link":"https:\/\/fortalezadeocastro.vigo.org\/es\/collection\/vigo-seculo-xviii\/","title":{"rendered":"Vigo s\u00e9culo XVIII"},"content":{"rendered":"\n<p>Mapa que representa de forma moi esquem\u00e1tica a zona comprendida entre Baredo e Baiona ao sur e&nbsp;Vigo&nbsp;e Trasma\u00f1o ao norte. <\/p>\n\n\n\n<p>\u00c9 un itinerario no que os lugares est\u00e1n representados por igrexas, dende o n\u00ba1 Baredo ata o n\u00ba25 Santa Cristina. S\u00e9culo XVIII. <\/p>\n\n\n\n<p>Fonte: Bilbioteca Nacional de Espa\u00f1a<\/p>\n\n\n\n<div class=\"real3dflipbook\" id=\"9_69f27887e81ef\" style=\"position:absolute;\"><\/div>\n","protected":false},"excerpt":{"rendered":"<p>Mapa que representa de forma moi esquem\u00e1tica a zona comprendida entre Baredo e Baiona ao sur e&nbsp;Vigo&nbsp;e Trasma\u00f1o ao norte. \u00c9 un itinerario no que&#8230;<\/p>\n","protected":false},"author":1,"featured_media":8034,"comment_status":"open","ping_status":"closed","template":"","meta":{"footnotes":""},"collection-category":[195],"collection-country":[],"collection-curator":[218],"collection-tag":[209],"class_list":["post-8033","collection","type-collection","status-publish","has-post-thumbnail","hentry","collection-category-planos","collection-curator-bilblioteca-nacional-de-espana","collection-tag-xviii"],"_links":{"self":[{"href":"https:\/\/fortalezadeocastro.vigo.org\/es\/wp-json\/wp\/v2\/collection\/8033","targetHints":{"allow":["GET"]}}],"collection":[{"href":"https:\/\/fortalezadeocastro.vigo.org\/es\/wp-json\/wp\/v2\/collection"}],"about":[{"href":"https:\/\/fortalezadeocastro.vigo.org\/es\/wp-json\/wp\/v2\/types\/collection"}],"author":[{"embeddable":true,"href":"https:\/\/fortalezadeocastro.vigo.org\/es\/wp-json\/wp\/v2\/users\/1"}],"replies":[{"embeddable":true,"href":"https:\/\/fortalezadeocastro.vigo.org\/es\/wp-json\/wp\/v2\/comments?post=8033"}],"version-history":[{"count":0,"href":"https:\/\/fortalezadeocastro.vigo.org\/es\/wp-json\/wp\/v2\/collection\/8033\/revisions"}],"wp:featuredmedia":[{"embeddable":true,"href":"https:\/\/fortalezadeocastro.vigo.org\/es\/wp-json\/wp\/v2\/media\/8034"}],"wp:attachment":[{"href":"https:\/\/fortalezadeocastro.vigo.org\/es\/wp-json\/wp\/v2\/media?parent=8033"}],"wp:term":[{"taxonomy":"collection-category","embeddable":true,"href":"https:\/\/fortalezadeocastro.vigo.org\/es\/wp-json\/wp\/v2\/collection-category?post=8033"},{"taxonomy":"collection-country","embeddable":true,"href":"https:\/\/fortalezadeocastro.vigo.org\/es\/wp-json\/wp\/v2\/collection-country?post=8033"},{"taxonomy":"collection-curator","embeddable":true,"href":"https:\/\/fortalezadeocastro.vigo.org\/es\/wp-json\/wp\/v2\/collection-curator?post=8033"},{"taxonomy":"collection-tag","embeddable":true,"href":"https:\/\/fortalezadeocastro.vigo.org\/es\/wp-json\/wp\/v2\/collection-tag?post=8033"}],"curies":[{"name":"wp","href":"https:\/\/api.w.org\/{rel}","templated":true}]}}

Vigo século XVIII

<p>Mapa que representa de forma moi esquemática a zona comprendida entre Baredo e Baiona ao sur e&nbsp;Vigo&nbsp;e Trasmaño ao norte. </p>



<p>É un itinerario no que os lugares están representados por igrexas, dende o nº1 Baredo ata o nº25 Santa Cristina. Século XVIII. </p>



<p>Fonte: Bilbioteca Nacional de España</p>



<div class="real3dflipbook" id="9_69f27887e81ef" style="position:absolute;"></div>

<p>Mapa que representa de forma moi esquemática a zona comprendida entre Baredo e Baiona ao sur e&nbsp;Vigo&nbsp;e Trasmaño ao norte. É un itinerario no que&#8230;</p>
