{"id":7965,"date":"2024-06-05T08:07:34","date_gmt":"2024-06-05T06:07:34","guid":{"rendered":"https:\/\/fortalezadeocastro.vigo.org\/?post_type=collection&#038;p=7965"},"modified":"2024-06-05T08:14:32","modified_gmt":"2024-06-05T06:14:32","slug":"carte-generale-des-royaumes-despagne-de-portugal-1746","status":"publish","type":"collection","link":"https:\/\/fortalezadeocastro.vigo.org\/es\/collection\/carte-generale-des-royaumes-despagne-de-portugal-1746\/","title":{"rendered":"Carte Generale des Royaumes d&#8217;Espagne &amp; de Portugal. 1746\u00a0"},"content":{"rendered":"\n<p>No mar figuran representados combates navais que tiveron lugar na Guerra de Sucesi\u00f3n Espa\u00f1ola (1701-1714), xunto a M\u00e1laga unha batalla datada en 1704 e xunto \u00e1 costa catalana outras datadas en 1705 e 1706. <\/p>\n\n\n\n<p>Est\u00e1n sinaladas outras acci\u00f3ns b\u00e9licas: en C\u00e1diz en 1704, en Vigo en 1702 e en Zaragoza en 1710. <\/p>\n\n\n\n<p>Bilblioteca Nacional de Espa\u00f1a<\/p>\n\n\n\n<div class=\"real3dflipbook\" id=\"4_69f26e9bb57b3\" style=\"position:absolute;\"><\/div>\n","protected":false},"excerpt":{"rendered":"<p>No mar figuran representados combates navais que tiveron lugar na Guerra de Sucesi\u00f3n Espa\u00f1ola (1701-1714), xunto a M\u00e1laga unha batalla datada en 1704 e xunto&#8230;<\/p>\n","protected":false},"author":1,"featured_media":7975,"comment_status":"open","ping_status":"closed","template":"","meta":{"footnotes":""},"collection-category":[195],"collection-country":[],"collection-curator":[218],"collection-tag":[209],"class_list":["post-7965","collection","type-collection","status-publish","has-post-thumbnail","hentry","collection-category-planos","collection-curator-bilblioteca-nacional-de-espana","collection-tag-xviii"],"_links":{"self":[{"href":"https:\/\/fortalezadeocastro.vigo.org\/es\/wp-json\/wp\/v2\/collection\/7965","targetHints":{"allow":["GET"]}}],"collection":[{"href":"https:\/\/fortalezadeocastro.vigo.org\/es\/wp-json\/wp\/v2\/collection"}],"about":[{"href":"https:\/\/fortalezadeocastro.vigo.org\/es\/wp-json\/wp\/v2\/types\/collection"}],"author":[{"embeddable":true,"href":"https:\/\/fortalezadeocastro.vigo.org\/es\/wp-json\/wp\/v2\/users\/1"}],"replies":[{"embeddable":true,"href":"https:\/\/fortalezadeocastro.vigo.org\/es\/wp-json\/wp\/v2\/comments?post=7965"}],"version-history":[{"count":0,"href":"https:\/\/fortalezadeocastro.vigo.org\/es\/wp-json\/wp\/v2\/collection\/7965\/revisions"}],"wp:featuredmedia":[{"embeddable":true,"href":"https:\/\/fortalezadeocastro.vigo.org\/es\/wp-json\/wp\/v2\/media\/7975"}],"wp:attachment":[{"href":"https:\/\/fortalezadeocastro.vigo.org\/es\/wp-json\/wp\/v2\/media?parent=7965"}],"wp:term":[{"taxonomy":"collection-category","embeddable":true,"href":"https:\/\/fortalezadeocastro.vigo.org\/es\/wp-json\/wp\/v2\/collection-category?post=7965"},{"taxonomy":"collection-country","embeddable":true,"href":"https:\/\/fortalezadeocastro.vigo.org\/es\/wp-json\/wp\/v2\/collection-country?post=7965"},{"taxonomy":"collection-curator","embeddable":true,"href":"https:\/\/fortalezadeocastro.vigo.org\/es\/wp-json\/wp\/v2\/collection-curator?post=7965"},{"taxonomy":"collection-tag","embeddable":true,"href":"https:\/\/fortalezadeocastro.vigo.org\/es\/wp-json\/wp\/v2\/collection-tag?post=7965"}],"curies":[{"name":"wp","href":"https:\/\/api.w.org\/{rel}","templated":true}]}}

<p>No mar figuran representados combates navais que tiveron lugar na Guerra de Sucesión Española (1701-1714), xunto a Málaga unha batalla datada en 1704 e xunto á costa catalana outras datadas en 1705 e 1706. </p>



<p>Están sinaladas outras accións bélicas: en Cádiz en 1704, en Vigo en 1702 e en Zaragoza en 1710. </p>



<p>Bilblioteca Nacional de España</p>



<div class="real3dflipbook" id="4_69f26e9bb57b3" style="position:absolute;"></div>

<p>No mar figuran representados combates navais que tiveron lugar na Guerra de Sucesión Española (1701-1714), xunto a Málaga unha batalla datada en 1704 e xunto&#8230;</p>
