{"id":7959,"date":"2024-06-05T07:43:33","date_gmt":"2024-06-05T05:43:33","guid":{"rendered":"https:\/\/fortalezadeocastro.vigo.org\/?post_type=collection&#038;p=7959"},"modified":"2024-06-05T07:45:30","modified_gmt":"2024-06-05T05:45:30","slug":"espejos-de-la-revolucion-conflicto-e-identidad-politica-en-la-europa-moderna","status":"publish","type":"collection","link":"https:\/\/fortalezadeocastro.vigo.org\/es\/collection\/espejos-de-la-revolucion-conflicto-e-identidad-politica-en-la-europa-moderna\/","title":{"rendered":"Espejos de la revoluci\u00f3n. Conflicto e identidad pol\u00edtica en la Europa moderna"},"content":{"rendered":"\n<p>Benigno, F. 2000.\u00a0<\/p>\n\n\n\n<p><em>Espejos de la revoluci\u00f3n. Conflicto e identidad pol\u00edtica en la Europa moderna<\/em>. <\/p>\n\n\n\n<p>Barcelona: Cr\u00edtica.<\/p>\n","protected":false},"excerpt":{"rendered":"<p>Benigno, F. 2000.\u00a0 Espejos de la revoluci\u00f3n. Conflicto e identidad pol\u00edtica en la Europa moderna. Barcelona: Cr\u00edtica.<\/p>\n","protected":false},"author":1,"featured_media":7960,"comment_status":"open","ping_status":"closed","template":"","meta":{"footnotes":""},"collection-category":[194],"collection-country":[],"collection-curator":[],"collection-tag":[206],"class_list":["post-7959","collection","type-collection","status-publish","has-post-thumbnail","hentry","collection-category-bibliografia","collection-tag-xx"],"_links":{"self":[{"href":"https:\/\/fortalezadeocastro.vigo.org\/es\/wp-json\/wp\/v2\/collection\/7959","targetHints":{"allow":["GET"]}}],"collection":[{"href":"https:\/\/fortalezadeocastro.vigo.org\/es\/wp-json\/wp\/v2\/collection"}],"about":[{"href":"https:\/\/fortalezadeocastro.vigo.org\/es\/wp-json\/wp\/v2\/types\/collection"}],"author":[{"embeddable":true,"href":"https:\/\/fortalezadeocastro.vigo.org\/es\/wp-json\/wp\/v2\/users\/1"}],"replies":[{"embeddable":true,"href":"https:\/\/fortalezadeocastro.vigo.org\/es\/wp-json\/wp\/v2\/comments?post=7959"}],"version-history":[{"count":0,"href":"https:\/\/fortalezadeocastro.vigo.org\/es\/wp-json\/wp\/v2\/collection\/7959\/revisions"}],"wp:featuredmedia":[{"embeddable":true,"href":"https:\/\/fortalezadeocastro.vigo.org\/es\/wp-json\/wp\/v2\/media\/7960"}],"wp:attachment":[{"href":"https:\/\/fortalezadeocastro.vigo.org\/es\/wp-json\/wp\/v2\/media?parent=7959"}],"wp:term":[{"taxonomy":"collection-category","embeddable":true,"href":"https:\/\/fortalezadeocastro.vigo.org\/es\/wp-json\/wp\/v2\/collection-category?post=7959"},{"taxonomy":"collection-country","embeddable":true,"href":"https:\/\/fortalezadeocastro.vigo.org\/es\/wp-json\/wp\/v2\/collection-country?post=7959"},{"taxonomy":"collection-curator","embeddable":true,"href":"https:\/\/fortalezadeocastro.vigo.org\/es\/wp-json\/wp\/v2\/collection-curator?post=7959"},{"taxonomy":"collection-tag","embeddable":true,"href":"https:\/\/fortalezadeocastro.vigo.org\/es\/wp-json\/wp\/v2\/collection-tag?post=7959"}],"curies":[{"name":"wp","href":"https:\/\/api.w.org\/{rel}","templated":true}]}}

Espejos de la revolución. Conflicto e identidad política en la Europa moderna

<p>Benigno, F. 2000. </p>



<p><em>Espejos de la revolución. Conflicto e identidad política en la Europa moderna</em>. </p>



<p>Barcelona: Crítica.</p>

<p>Benigno, F. 2000.  Espejos de la revolución. Conflicto e identidad política en la Europa moderna. Barcelona: Crítica.</p>
