{"id":7944,"date":"2024-06-05T07:08:30","date_gmt":"2024-06-05T05:08:30","guid":{"rendered":"https:\/\/fortalezadeocastro.vigo.org\/?post_type=collection&#038;p=7944"},"modified":"2024-06-05T07:45:14","modified_gmt":"2024-06-05T05:45:14","slug":"obras-militares-do-alto-minho-a-costa-atlantica-e-a-raia-ao-servico-das-guerras-de-restauracao","status":"publish","type":"collection","link":"https:\/\/fortalezadeocastro.vigo.org\/es\/collection\/obras-militares-do-alto-minho-a-costa-atlantica-e-a-raia-ao-servico-das-guerras-de-restauracao\/","title":{"rendered":"Obras militares do Alto Minho: A Costa Atl\u00e2ntica e a Raia ao servi\u00e7o das Guerras de Restaura\u00e7\u00e3o"},"content":{"rendered":"\n<p>Antunes, J. M. 1996.\u00a0<\/p>\n\n\n\n<p><em>Obras militares do Alto Minho: A Costa Atl\u00e2ntica e a Raia ao servi\u00e7o das Guerras de Restaura\u00e7\u00e3o<\/em>. <\/p>\n\n\n\n<p>Disserta\u00e7\u00e3o de Mestrado em Arqueolog\u00eda apresentada na Facultade de Letras da Universidade de Porto. In\u00e9dita. Porto: Universidade de Porto<\/p>\n\n\n\n<p>https:\/\/hdl.handle.net\/10216\/19464\u00a0<\/p>\n\n\n\n<p>\u00a0<\/p>\n\n\n\n<div class=\"real3dflipbook\" id=\"3_69f279ff05708\" style=\"position:absolute;\"><\/div>\n","protected":false},"excerpt":{"rendered":"<p>Antunes, J. M. 1996.\u00a0 Obras militares do Alto Minho: A Costa Atl\u00e2ntica e a Raia ao servi\u00e7o das Guerras de Restaura\u00e7\u00e3o. Disserta\u00e7\u00e3o de Mestrado em&#8230;<\/p>\n","protected":false},"author":1,"featured_media":7955,"comment_status":"open","ping_status":"closed","template":"","meta":{"footnotes":""},"collection-category":[194,196],"collection-country":[],"collection-curator":[216],"collection-tag":[206],"class_list":["post-7944","collection","type-collection","status-publish","has-post-thumbnail","hentry","collection-category-bibliografia","collection-category-publicacions","collection-curator-universidade-de-porto","collection-tag-xx"],"_links":{"self":[{"href":"https:\/\/fortalezadeocastro.vigo.org\/es\/wp-json\/wp\/v2\/collection\/7944","targetHints":{"allow":["GET"]}}],"collection":[{"href":"https:\/\/fortalezadeocastro.vigo.org\/es\/wp-json\/wp\/v2\/collection"}],"about":[{"href":"https:\/\/fortalezadeocastro.vigo.org\/es\/wp-json\/wp\/v2\/types\/collection"}],"author":[{"embeddable":true,"href":"https:\/\/fortalezadeocastro.vigo.org\/es\/wp-json\/wp\/v2\/users\/1"}],"replies":[{"embeddable":true,"href":"https:\/\/fortalezadeocastro.vigo.org\/es\/wp-json\/wp\/v2\/comments?post=7944"}],"version-history":[{"count":0,"href":"https:\/\/fortalezadeocastro.vigo.org\/es\/wp-json\/wp\/v2\/collection\/7944\/revisions"}],"wp:featuredmedia":[{"embeddable":true,"href":"https:\/\/fortalezadeocastro.vigo.org\/es\/wp-json\/wp\/v2\/media\/7955"}],"wp:attachment":[{"href":"https:\/\/fortalezadeocastro.vigo.org\/es\/wp-json\/wp\/v2\/media?parent=7944"}],"wp:term":[{"taxonomy":"collection-category","embeddable":true,"href":"https:\/\/fortalezadeocastro.vigo.org\/es\/wp-json\/wp\/v2\/collection-category?post=7944"},{"taxonomy":"collection-country","embeddable":true,"href":"https:\/\/fortalezadeocastro.vigo.org\/es\/wp-json\/wp\/v2\/collection-country?post=7944"},{"taxonomy":"collection-curator","embeddable":true,"href":"https:\/\/fortalezadeocastro.vigo.org\/es\/wp-json\/wp\/v2\/collection-curator?post=7944"},{"taxonomy":"collection-tag","embeddable":true,"href":"https:\/\/fortalezadeocastro.vigo.org\/es\/wp-json\/wp\/v2\/collection-tag?post=7944"}],"curies":[{"name":"wp","href":"https:\/\/api.w.org\/{rel}","templated":true}]}}

Obras militares do Alto Minho: A Costa Atlântica e a Raia ao serviço das Guerras de Restauração

<p>Antunes, J. M. 1996. </p>



<p><em>Obras militares do Alto Minho: A Costa Atlântica e a Raia ao serviço das Guerras de Restauração</em>. </p>



<p>Dissertação de Mestrado em Arqueología apresentada na Facultade de Letras da Universidade de Porto. Inédita. Porto: Universidade de Porto</p>



<p>https://hdl.handle.net/10216/19464 </p>



<p> </p>



<div class="real3dflipbook" id="3_69f279ff05708" style="position:absolute;"></div>

<p>Antunes, J. M. 1996.  Obras militares do Alto Minho: A Costa Atlântica e a Raia ao serviço das Guerras de Restauração. Dissertação de Mestrado em&#8230;</p>
