{"id":7905,"date":"2024-05-16T12:43:26","date_gmt":"2024-05-16T10:43:26","guid":{"rendered":"https:\/\/fortalezadeocastro.vigo.org\/?post_type=collection&#038;p=7905"},"modified":"2024-06-05T07:45:26","modified_gmt":"2024-06-05T05:45:26","slug":"centinelas-de-piedra-fortificaciones-en-la-comunidad-de-madrid","status":"publish","type":"collection","link":"https:\/\/fortalezadeocastro.vigo.org\/es\/collection\/centinelas-de-piedra-fortificaciones-en-la-comunidad-de-madrid\/","title":{"rendered":"Centinelas de piedra. Fortificaciones en la Comunidad de Madrid"},"content":{"rendered":"\n<p>Fernando S\u00e1ez Lara<br>Colecci\u00f3n: Estudios y Monograf\u00edas<br><a href=\"https:\/\/www.comunidad.madrid\/publicamadrid?f[0]=consejeria%3A%22Consejer%C3%ADa%20de%20Cultura,%20Turismo%20y%20Deporte%22\">Consejer\u00eda de Cultura, Turismo y Deporte<\/a>\u00a0&#8211; D.G. de Patrimonio Cultural<br>Publicaci\u00f3n en l\u00ednea \u00b7 24 x 28 cm. \u00b7 P\u00e1g: 159 p.<br>Madrid, 2006 \u00b7 ISBN\/ISSN: 978-84-451-2895-4 DL: M\/40968\/2006<br>Venta fondo general<br><a href=\"https:\/\/gestiona3.madrid.org\/bvirtual\/BVCM002450.pdf\">Ver publicaci\u00f3n<\/a><\/p>\n\n\n\n<p><strong>Distribuci\u00f3n<\/strong><br>TERAN-LIBROS Distribuci\u00f3n Comercial y Venta electr\u00f3nica. C\/ Muguet, 6 &#8211; 3\u00ba B 28044 Madrid telf. 91 543 82 32;\u00a0<a href=\"mailto:info@teranlibros.com\">info@teranlibros.com<\/a><br>Librer\u00eda Institucional BOCM (Fortuny, 51. 28010 Madrid. 91 702 7625\u00a0<a href=\"mailto:libreriainstitucional@madrid.org\">libreriainstitucional@madrid.org<\/a><\/p>\n\n\n\n<p><strong>Extracto<\/strong><br>El objetivo de este libro es fundamentalmente divulgativo. Se trata de mostrar de forma atractiva y asequible a un p\u00fablico, interesado pero no especialista, el valor de las fortificaciones madrile\u00f1as. El n\u00facleo fundamental de la publicaci\u00f3n est\u00e1 dedicado a las fortificaciones medievales organizadas en tres grandes grupos las atalayas, alcal\u00e1s y medinas de Al-Andalus, las murallas construidas con la repoblaci\u00f3n castellana y, por \u00faltimo, los castillos se\u00f1oriales. Para finalizar hay una referencia a los \u00faltimos castillos construidos ya en el siglo XVI.<\/p>\n\n\n\n<div class=\"real3dflipbook\" id=\"1_69f26ea447eaf\" style=\"position:absolute;\"><\/div>\n","protected":false},"excerpt":{"rendered":"<p>Fernando S\u00e1ez LaraColecci\u00f3n: Estudios y Monograf\u00edasConsejer\u00eda de Cultura, Turismo y Deporte\u00a0&#8211; D.G. de Patrimonio CulturalPublicaci\u00f3n en l\u00ednea \u00b7 24 x 28 cm. \u00b7 P\u00e1g: 159&#8230;<\/p>\n","protected":false},"author":1,"featured_media":7910,"comment_status":"open","ping_status":"closed","template":"","meta":{"footnotes":""},"collection-category":[194,196],"collection-country":[],"collection-curator":[198],"collection-tag":[206],"class_list":["post-7905","collection","type-collection","status-publish","has-post-thumbnail","hentry","collection-category-bibliografia","collection-category-publicacions","collection-curator-direccion-general-de-patrimonio-historico","collection-tag-xx"],"_links":{"self":[{"href":"https:\/\/fortalezadeocastro.vigo.org\/es\/wp-json\/wp\/v2\/collection\/7905","targetHints":{"allow":["GET"]}}],"collection":[{"href":"https:\/\/fortalezadeocastro.vigo.org\/es\/wp-json\/wp\/v2\/collection"}],"about":[{"href":"https:\/\/fortalezadeocastro.vigo.org\/es\/wp-json\/wp\/v2\/types\/collection"}],"author":[{"embeddable":true,"href":"https:\/\/fortalezadeocastro.vigo.org\/es\/wp-json\/wp\/v2\/users\/1"}],"replies":[{"embeddable":true,"href":"https:\/\/fortalezadeocastro.vigo.org\/es\/wp-json\/wp\/v2\/comments?post=7905"}],"version-history":[{"count":0,"href":"https:\/\/fortalezadeocastro.vigo.org\/es\/wp-json\/wp\/v2\/collection\/7905\/revisions"}],"wp:featuredmedia":[{"embeddable":true,"href":"https:\/\/fortalezadeocastro.vigo.org\/es\/wp-json\/wp\/v2\/media\/7910"}],"wp:attachment":[{"href":"https:\/\/fortalezadeocastro.vigo.org\/es\/wp-json\/wp\/v2\/media?parent=7905"}],"wp:term":[{"taxonomy":"collection-category","embeddable":true,"href":"https:\/\/fortalezadeocastro.vigo.org\/es\/wp-json\/wp\/v2\/collection-category?post=7905"},{"taxonomy":"collection-country","embeddable":true,"href":"https:\/\/fortalezadeocastro.vigo.org\/es\/wp-json\/wp\/v2\/collection-country?post=7905"},{"taxonomy":"collection-curator","embeddable":true,"href":"https:\/\/fortalezadeocastro.vigo.org\/es\/wp-json\/wp\/v2\/collection-curator?post=7905"},{"taxonomy":"collection-tag","embeddable":true,"href":"https:\/\/fortalezadeocastro.vigo.org\/es\/wp-json\/wp\/v2\/collection-tag?post=7905"}],"curies":[{"name":"wp","href":"https:\/\/api.w.org\/{rel}","templated":true}]}}

<p>Fernando Sáez Lara<br>Colección: Estudios y Monografías<br><a href="https://www.comunidad.madrid/publicamadrid?f[0]=consejeria%3A%22Consejer%C3%ADa%20de%20Cultura,%20Turismo%20y%20Deporte%22">Consejería de Cultura, Turismo y Deporte</a> &#8211; D.G. de Patrimonio Cultural<br>Publicación en línea · 24 x 28 cm. · Pág: 159 p.<br>Madrid, 2006 · ISBN/ISSN: 978-84-451-2895-4 DL: M/40968/2006<br>Venta fondo general<br><a href="https://gestiona3.madrid.org/bvirtual/BVCM002450.pdf">Ver publicación</a></p>



<p><strong>Distribución</strong><br>TERAN-LIBROS Distribución Comercial y Venta electrónica. C/ Muguet, 6 &#8211; 3º B 28044 Madrid telf. 91 543 82 32; <a href="mailto:info@teranlibros.com">info@teranlibros.com</a><br>Librería Institucional BOCM (Fortuny, 51. 28010 Madrid. 91 702 7625 <a href="mailto:libreriainstitucional@madrid.org">libreriainstitucional@madrid.org</a></p>



<p><strong>Extracto</strong><br>El objetivo de este libro es fundamentalmente divulgativo. Se trata de mostrar de forma atractiva y asequible a un público, interesado pero no especialista, el valor de las fortificaciones madrileñas. El núcleo fundamental de la publicación está dedicado a las fortificaciones medievales organizadas en tres grandes grupos las atalayas, alcalás y medinas de Al-Andalus, las murallas construidas con la repoblación castellana y, por último, los castillos señoriales. Para finalizar hay una referencia a los últimos castillos construidos ya en el siglo XVI.</p>



<div class="real3dflipbook" id="1_69f26ea447eaf" style="position:absolute;"></div>

<p>Fernando Sáez LaraColección: Estudios y MonografíasConsejería de Cultura, Turismo y Deporte &#8211; D.G. de Patrimonio CulturalPublicación en línea · 24 x 28 cm. · Pág: 159&#8230;</p>
