{"id":8094,"date":"2024-06-06T05:23:27","date_gmt":"2024-06-06T03:23:27","guid":{"rendered":"https:\/\/fortalezadeocastro.vigo.org\/?post_type=collection&#038;p=8094"},"modified":"2024-06-06T05:27:54","modified_gmt":"2024-06-06T03:27:54","slug":"principe-de-barbanzon-sucessos-perdida-flota-rande-1702","status":"publish","type":"collection","link":"https:\/\/fortalezadeocastro.vigo.org\/en\/collection\/principe-de-barbanzon-sucessos-perdida-flota-rande-1702\/","title":{"rendered":"Pr\u00edncipe de Barbanz\u00f3n. Sucesos p\u00e9rdida flota de Rande 1702"},"content":{"rendered":"\n<p>Pr\u00edncipe de Barbanz\u00f3n. Sucesos p\u00e9rdida flota Rande<\/p>\n\n\n\n<p>Biblioteca Nacional de Espa\u00f1a<\/p>\n\n\n\n<div class=\"real3dflipbook\" id=\"16_69f51ac78e8a2\" style=\"position:absolute;\"><\/div>\n","protected":false},"excerpt":{"rendered":"<p>Pr\u00edncipe de Barbanz\u00f3n. Sucesos p\u00e9rdida flota Rande Biblioteca Nacional de Espa\u00f1a<\/p>\n","protected":false},"author":1,"featured_media":8095,"comment_status":"open","ping_status":"closed","template":"","meta":{"footnotes":""},"collection-category":[196],"collection-country":[],"collection-curator":[218],"collection-tag":[209],"class_list":["post-8094","collection","type-collection","status-publish","has-post-thumbnail","hentry","collection-category-publicacions","collection-curator-bilblioteca-nacional-de-espana","collection-tag-xviii"],"_links":{"self":[{"href":"https:\/\/fortalezadeocastro.vigo.org\/en\/wp-json\/wp\/v2\/collection\/8094","targetHints":{"allow":["GET"]}}],"collection":[{"href":"https:\/\/fortalezadeocastro.vigo.org\/en\/wp-json\/wp\/v2\/collection"}],"about":[{"href":"https:\/\/fortalezadeocastro.vigo.org\/en\/wp-json\/wp\/v2\/types\/collection"}],"author":[{"embeddable":true,"href":"https:\/\/fortalezadeocastro.vigo.org\/en\/wp-json\/wp\/v2\/users\/1"}],"replies":[{"embeddable":true,"href":"https:\/\/fortalezadeocastro.vigo.org\/en\/wp-json\/wp\/v2\/comments?post=8094"}],"version-history":[{"count":0,"href":"https:\/\/fortalezadeocastro.vigo.org\/en\/wp-json\/wp\/v2\/collection\/8094\/revisions"}],"wp:featuredmedia":[{"embeddable":true,"href":"https:\/\/fortalezadeocastro.vigo.org\/en\/wp-json\/wp\/v2\/media\/8095"}],"wp:attachment":[{"href":"https:\/\/fortalezadeocastro.vigo.org\/en\/wp-json\/wp\/v2\/media?parent=8094"}],"wp:term":[{"taxonomy":"collection-category","embeddable":true,"href":"https:\/\/fortalezadeocastro.vigo.org\/en\/wp-json\/wp\/v2\/collection-category?post=8094"},{"taxonomy":"collection-country","embeddable":true,"href":"https:\/\/fortalezadeocastro.vigo.org\/en\/wp-json\/wp\/v2\/collection-country?post=8094"},{"taxonomy":"collection-curator","embeddable":true,"href":"https:\/\/fortalezadeocastro.vigo.org\/en\/wp-json\/wp\/v2\/collection-curator?post=8094"},{"taxonomy":"collection-tag","embeddable":true,"href":"https:\/\/fortalezadeocastro.vigo.org\/en\/wp-json\/wp\/v2\/collection-tag?post=8094"}],"curies":[{"name":"wp","href":"https:\/\/api.w.org\/{rel}","templated":true}]}}

Príncipe de Barbanzón. Sucesos pérdida flota de Rande 1702

<p>Príncipe de Barbanzón. Sucesos pérdida flota Rande</p>



<p>Biblioteca Nacional de España</p>



<div class="real3dflipbook" id="16_69f51ac78e8a2" style="position:absolute;"></div>

<p>Príncipe de Barbanzón. Sucesos pérdida flota Rande Biblioteca Nacional de España</p>
