{"id":8085,"date":"2024-06-06T05:20:08","date_gmt":"2024-06-06T03:20:08","guid":{"rendered":"https:\/\/fortalezadeocastro.vigo.org\/?post_type=collection&#038;p=8085"},"modified":"2024-06-06T05:20:09","modified_gmt":"2024-06-06T03:20:09","slug":"principe-de-barbanzon-capitan-general-de-galicia-carta-a-un-pariente-sobre-la-batalla-de-rande-1702","status":"publish","type":"collection","link":"https:\/\/fortalezadeocastro.vigo.org\/en\/collection\/principe-de-barbanzon-capitan-general-de-galicia-carta-a-un-pariente-sobre-la-batalla-de-rande-1702\/","title":{"rendered":"Pr\u00edncipe de Barbanz\u00f3n Capit\u00e1n General de Galicia. Carta a un pariente sobre la Batalla de Rande 1702"},"content":{"rendered":"\n<p>1702 Pr\u00edncipe de Barbanz\u00f3n Capit\u00e1n General de Galicia. Carta a un pariente sobre la Batalla de Rande<\/p>\n\n\n\n<p>Fondo Biblioteca Nacional de Espa\u00f1a<\/p>\n\n\n\n<div class=\"real3dflipbook\" id=\"15_69f519d68b5b5\" style=\"position:absolute;\"><\/div>\n","protected":false},"excerpt":{"rendered":"<p>1702 Pr\u00edncipe de Barbanz\u00f3n Capit\u00e1n General de Galicia. Carta a un pariente sobre la Batalla de Rande Fondo Biblioteca Nacional de Espa\u00f1a<\/p>\n","protected":false},"author":1,"featured_media":8086,"comment_status":"open","ping_status":"closed","template":"","meta":{"footnotes":""},"collection-category":[196],"collection-country":[],"collection-curator":[218],"collection-tag":[209],"class_list":["post-8085","collection","type-collection","status-publish","has-post-thumbnail","hentry","collection-category-publicacions","collection-curator-bilblioteca-nacional-de-espana","collection-tag-xviii"],"_links":{"self":[{"href":"https:\/\/fortalezadeocastro.vigo.org\/en\/wp-json\/wp\/v2\/collection\/8085","targetHints":{"allow":["GET"]}}],"collection":[{"href":"https:\/\/fortalezadeocastro.vigo.org\/en\/wp-json\/wp\/v2\/collection"}],"about":[{"href":"https:\/\/fortalezadeocastro.vigo.org\/en\/wp-json\/wp\/v2\/types\/collection"}],"author":[{"embeddable":true,"href":"https:\/\/fortalezadeocastro.vigo.org\/en\/wp-json\/wp\/v2\/users\/1"}],"replies":[{"embeddable":true,"href":"https:\/\/fortalezadeocastro.vigo.org\/en\/wp-json\/wp\/v2\/comments?post=8085"}],"version-history":[{"count":0,"href":"https:\/\/fortalezadeocastro.vigo.org\/en\/wp-json\/wp\/v2\/collection\/8085\/revisions"}],"wp:featuredmedia":[{"embeddable":true,"href":"https:\/\/fortalezadeocastro.vigo.org\/en\/wp-json\/wp\/v2\/media\/8086"}],"wp:attachment":[{"href":"https:\/\/fortalezadeocastro.vigo.org\/en\/wp-json\/wp\/v2\/media?parent=8085"}],"wp:term":[{"taxonomy":"collection-category","embeddable":true,"href":"https:\/\/fortalezadeocastro.vigo.org\/en\/wp-json\/wp\/v2\/collection-category?post=8085"},{"taxonomy":"collection-country","embeddable":true,"href":"https:\/\/fortalezadeocastro.vigo.org\/en\/wp-json\/wp\/v2\/collection-country?post=8085"},{"taxonomy":"collection-curator","embeddable":true,"href":"https:\/\/fortalezadeocastro.vigo.org\/en\/wp-json\/wp\/v2\/collection-curator?post=8085"},{"taxonomy":"collection-tag","embeddable":true,"href":"https:\/\/fortalezadeocastro.vigo.org\/en\/wp-json\/wp\/v2\/collection-tag?post=8085"}],"curies":[{"name":"wp","href":"https:\/\/api.w.org\/{rel}","templated":true}]}}

Príncipe de Barbanzón Capitán General de Galicia. Carta a un pariente sobre la Batalla de Rande 1702

<p>1702 Príncipe de Barbanzón Capitán General de Galicia. Carta a un pariente sobre la Batalla de Rande</p>



<p>Fondo Biblioteca Nacional de España</p>



<div class="real3dflipbook" id="15_69f519d68b5b5" style="position:absolute;"></div>

<p>1702 Príncipe de Barbanzón Capitán General de Galicia. Carta a un pariente sobre la Batalla de Rande Fondo Biblioteca Nacional de España</p>
