{"id":8066,"date":"2024-06-06T05:06:20","date_gmt":"2024-06-06T03:06:20","guid":{"rendered":"https:\/\/fortalezadeocastro.vigo.org\/?post_type=collection&#038;p=8066"},"modified":"2024-06-06T05:06:40","modified_gmt":"2024-06-06T03:06:40","slug":"a-full-and-impartial-history-of-the-expedition-into-spain-1702","status":"publish","type":"collection","link":"https:\/\/fortalezadeocastro.vigo.org\/en\/collection\/a-full-and-impartial-history-of-the-expedition-into-spain-1702\/","title":{"rendered":"A full and impartial history of the expedition into Spain 1702"},"content":{"rendered":"\n<p><em>A full and impartial history of the expedition into Spain: in the year, 1702 [Texto impreso] : Extracted from the jounals and memoirs of the Generals ; and from which it will be easie to draw rational conjectures, about the present enterprize to settle the Most Serene Charles III, on the Spanish Throne. To wich is added, An Account of Monsieur Chateaurenault&#8217;s expedition, from his first sailing from Brest, in Sept. 1701, to his putting into Vigo, in Sept. 1702. In a letter from Monsieur de Gatines, Intendant of the Navy of France, to a Minister of State at Paris<\/em><\/p>\n\n\n\n<p>Unha historia completa e imparcial da expedici\u00f3n a Espa\u00f1a: no ano 1702 [Texto impreso]: Extra\u00eddo das revistas e memorias dos Xenerais; e do que ser\u00e1 doado extraer conxecturas racionais, sobre a presente empresa de asentar o Seren\u00edsimo Carlos III, no Trono espa\u00f1ol. Ao que se engade, Un relato da expedici\u00f3n de Monsieur Chateaurenault, dende a s\u00faa primeira partida de Brest, en setembro. 1701, \u00e1 s\u00faa posta en Vigo, en setembro. 1702. Nunha carta do se\u00f1or de Gatines, intendente da Mari\u00f1a de Francia, a un ministro de Estado en Par\u00eds<br>Biblioteca Nacional de Espa\u00f1a<\/p>\n\n\n\n<div class=\"real3dflipbook\" id=\"12_69f519e0824ed\" style=\"position:absolute;\"><\/div>\n","protected":false},"excerpt":{"rendered":"<p>A full and impartial history of the expedition into Spain: in the year, 1702 [Texto impreso] : Extracted from the jounals and memoirs of the&#8230;<\/p>\n","protected":false},"author":1,"featured_media":8067,"comment_status":"open","ping_status":"closed","template":"","meta":{"footnotes":""},"collection-category":[196],"collection-country":[],"collection-curator":[218],"collection-tag":[209],"class_list":["post-8066","collection","type-collection","status-publish","has-post-thumbnail","hentry","collection-category-publicacions","collection-curator-bilblioteca-nacional-de-espana","collection-tag-xviii"],"_links":{"self":[{"href":"https:\/\/fortalezadeocastro.vigo.org\/en\/wp-json\/wp\/v2\/collection\/8066","targetHints":{"allow":["GET"]}}],"collection":[{"href":"https:\/\/fortalezadeocastro.vigo.org\/en\/wp-json\/wp\/v2\/collection"}],"about":[{"href":"https:\/\/fortalezadeocastro.vigo.org\/en\/wp-json\/wp\/v2\/types\/collection"}],"author":[{"embeddable":true,"href":"https:\/\/fortalezadeocastro.vigo.org\/en\/wp-json\/wp\/v2\/users\/1"}],"replies":[{"embeddable":true,"href":"https:\/\/fortalezadeocastro.vigo.org\/en\/wp-json\/wp\/v2\/comments?post=8066"}],"version-history":[{"count":0,"href":"https:\/\/fortalezadeocastro.vigo.org\/en\/wp-json\/wp\/v2\/collection\/8066\/revisions"}],"wp:featuredmedia":[{"embeddable":true,"href":"https:\/\/fortalezadeocastro.vigo.org\/en\/wp-json\/wp\/v2\/media\/8067"}],"wp:attachment":[{"href":"https:\/\/fortalezadeocastro.vigo.org\/en\/wp-json\/wp\/v2\/media?parent=8066"}],"wp:term":[{"taxonomy":"collection-category","embeddable":true,"href":"https:\/\/fortalezadeocastro.vigo.org\/en\/wp-json\/wp\/v2\/collection-category?post=8066"},{"taxonomy":"collection-country","embeddable":true,"href":"https:\/\/fortalezadeocastro.vigo.org\/en\/wp-json\/wp\/v2\/collection-country?post=8066"},{"taxonomy":"collection-curator","embeddable":true,"href":"https:\/\/fortalezadeocastro.vigo.org\/en\/wp-json\/wp\/v2\/collection-curator?post=8066"},{"taxonomy":"collection-tag","embeddable":true,"href":"https:\/\/fortalezadeocastro.vigo.org\/en\/wp-json\/wp\/v2\/collection-tag?post=8066"}],"curies":[{"name":"wp","href":"https:\/\/api.w.org\/{rel}","templated":true}]}}

<p><em>A full and impartial history of the expedition into Spain: in the year, 1702 [Texto impreso] : Extracted from the jounals and memoirs of the Generals ; and from which it will be easie to draw rational conjectures, about the present enterprize to settle the Most Serene Charles III, on the Spanish Throne. To wich is added, An Account of Monsieur Chateaurenault&#8217;s expedition, from his first sailing from Brest, in Sept. 1701, to his putting into Vigo, in Sept. 1702. In a letter from Monsieur de Gatines, Intendant of the Navy of France, to a Minister of State at Paris</em></p>



<p>Unha historia completa e imparcial da expedición a España: no ano 1702 [Texto impreso]: Extraído das revistas e memorias dos Xenerais; e do que será doado extraer conxecturas racionais, sobre a presente empresa de asentar o Serenísimo Carlos III, no Trono español. Ao que se engade, Un relato da expedición de Monsieur Chateaurenault, dende a súa primeira partida de Brest, en setembro. 1701, á súa posta en Vigo, en setembro. 1702. Nunha carta do señor de Gatines, intendente da Mariña de Francia, a un ministro de Estado en París<br>Biblioteca Nacional de España</p>



<div class="real3dflipbook" id="12_69f519e0824ed" style="position:absolute;"></div>
