{"id":8055,"date":"2024-06-06T04:47:38","date_gmt":"2024-06-06T02:47:38","guid":{"rendered":"https:\/\/fortalezadeocastro.vigo.org\/?post_type=collection&#038;p=8055"},"modified":"2024-06-06T04:47:40","modified_gmt":"2024-06-06T02:47:40","slug":"correspondencia-de-guerra-do-gobernador-e-capitan-xeral-de-galicia-marques-de-risbourg-coa-invasion-inglesa-de-1719","status":"publish","type":"collection","link":"https:\/\/fortalezadeocastro.vigo.org\/en\/collection\/correspondencia-de-guerra-do-gobernador-e-capitan-xeral-de-galicia-marques-de-risbourg-coa-invasion-inglesa-de-1719\/","title":{"rendered":"Correspondencia de guerra do Gobernador e Capit\u00e1n Xeral de Galicia, Marqu\u00e9s de Risbourg, coa invasi\u00f3n inglesa de 1719"},"content":{"rendered":"\n<p>Correspondencia de guerra do Gobernador e Capit\u00e1n Xeral de Galicia, Marqu\u00e9s de Risbourg, coa invasi\u00f3n inglesa de 1719. <\/p>\n\n\n\n<p>Archivo General de Simancas  LEG 1654<\/p>\n\n\n\n<div class=\"real3dflipbook\" id=\"11_69f519e1e55aa\" style=\"position:absolute;\"><\/div>\n","protected":false},"excerpt":{"rendered":"<p>Correspondencia de guerra do Gobernador e Capit\u00e1n Xeral de Galicia, Marqu\u00e9s de Risbourg, coa invasi\u00f3n inglesa de 1719. Archivo General de Simancas LEG 1654<\/p>\n","protected":false},"author":1,"featured_media":8056,"comment_status":"open","ping_status":"closed","template":"","meta":{"footnotes":""},"collection-category":[196],"collection-country":[],"collection-curator":[225],"collection-tag":[209],"class_list":["post-8055","collection","type-collection","status-publish","has-post-thumbnail","hentry","collection-category-publicacions","collection-curator-archivo-general-de-simancas","collection-tag-xviii"],"_links":{"self":[{"href":"https:\/\/fortalezadeocastro.vigo.org\/en\/wp-json\/wp\/v2\/collection\/8055","targetHints":{"allow":["GET"]}}],"collection":[{"href":"https:\/\/fortalezadeocastro.vigo.org\/en\/wp-json\/wp\/v2\/collection"}],"about":[{"href":"https:\/\/fortalezadeocastro.vigo.org\/en\/wp-json\/wp\/v2\/types\/collection"}],"author":[{"embeddable":true,"href":"https:\/\/fortalezadeocastro.vigo.org\/en\/wp-json\/wp\/v2\/users\/1"}],"replies":[{"embeddable":true,"href":"https:\/\/fortalezadeocastro.vigo.org\/en\/wp-json\/wp\/v2\/comments?post=8055"}],"version-history":[{"count":0,"href":"https:\/\/fortalezadeocastro.vigo.org\/en\/wp-json\/wp\/v2\/collection\/8055\/revisions"}],"wp:featuredmedia":[{"embeddable":true,"href":"https:\/\/fortalezadeocastro.vigo.org\/en\/wp-json\/wp\/v2\/media\/8056"}],"wp:attachment":[{"href":"https:\/\/fortalezadeocastro.vigo.org\/en\/wp-json\/wp\/v2\/media?parent=8055"}],"wp:term":[{"taxonomy":"collection-category","embeddable":true,"href":"https:\/\/fortalezadeocastro.vigo.org\/en\/wp-json\/wp\/v2\/collection-category?post=8055"},{"taxonomy":"collection-country","embeddable":true,"href":"https:\/\/fortalezadeocastro.vigo.org\/en\/wp-json\/wp\/v2\/collection-country?post=8055"},{"taxonomy":"collection-curator","embeddable":true,"href":"https:\/\/fortalezadeocastro.vigo.org\/en\/wp-json\/wp\/v2\/collection-curator?post=8055"},{"taxonomy":"collection-tag","embeddable":true,"href":"https:\/\/fortalezadeocastro.vigo.org\/en\/wp-json\/wp\/v2\/collection-tag?post=8055"}],"curies":[{"name":"wp","href":"https:\/\/api.w.org\/{rel}","templated":true}]}}

Correspondencia de guerra do Gobernador e Capitán Xeral de Galicia, Marqués de Risbourg, coa invasión inglesa de 1719

<p>Correspondencia de guerra do Gobernador e Capitán Xeral de Galicia, Marqués de Risbourg, coa invasión inglesa de 1719. </p>



<p>Archivo General de Simancas  LEG 1654</p>



<div class="real3dflipbook" id="11_69f519e1e55aa" style="position:absolute;"></div>

<p>Correspondencia de guerra do Gobernador e Capitán Xeral de Galicia, Marqués de Risbourg, coa invasión inglesa de 1719. Archivo General de Simancas LEG 1654</p>
